 = -d**3 - 2*d**2 + 3*d - 11. Let f be 2/2*0*(-4)/(-60). Calculate o(f).
-11
Let r(h) = -5*h + 10 + 7 + 4*h. Suppose -24*a + 10*a = -112. Determine r(a).
9
Let x(z) = -29*z**2 - 69*z - 198. Let u(q) = -5*q**2 - 11*q - 33. Let l(g) = 17*u(g) - 3*x(g). Determine l(-14).
145
Let z(w) = -2*w - 42. Let u(l) = -l - 2. Let m(a) = -3*u(a) - z(a). Determine m(-10).
-2
Let t(u) = 12*u - 1. Let y(f) = f**3 + 4*f**2 - 3*f + 11. Let h be y(-5). Suppose h = -z + 5. Suppose 5*d - 9 = -z. Give t(d).
11
Let c = 36 + -32. Let b(x) = 1 + 3*x**2 - c*x**3 + 3*x**2 - 4*x**2 + 0*x**2. Let u be -3 + (-12)/(-3) - -1. Give b(u).
-23
Let g(r) = -236*r + 7 + 297*r - 2*r**2 - 44*r. Determine g(10).
-23
Let q be (-392)/(-63) + 2/(-9). Suppose -x + q = -0. Let l(h) = 0*h**2 - h**2 - 3*h**2 + 1 + 4*h + 3*h**2. Calculate l(x).
-11
Let g(d) = -d**2 + d - 2. Let l = 690 - 687. Let j = 2 + -3. Let o be (-3)/l - (-2 - j). Determine g(o).
-2
Let b(s) be the first derivative of -5 - 1/3*s**3 - 1/2*s**2 + 3*s. What is b(0)?
3
Let t(r) = -r + 4. Let m(i) = -2*i**3 - 44*i**2 - 31*i - 661. Let w be m(-22). Give t(w).
-17
Let w(c) = -49*c - 81. Let n(v) = 52*v + 83. Let o(m) = -14*n(m) - 15*w(m). What is o(-8)?
-3
Let z(x) = -x**3 + 5*x**2 - 2*x - 5. Let s(i) = i**3 - 12*i**2 - 27*i + 18. Let c be s(14). Suppose 0 = 4*l + 4*j + 4, 4*l - c*j + 33*j = 11. What is z(l)?
3
Let w = 3861 + -3864. Let h(j) = j**2 + 2*j - 1. Determine h(w).
2
Let x(c) be the second derivative of -c**5/20 + 9*c**2/2 + 33185*c. Let m(z) = z + 2. Let i be m(0). Let p be ((-1)/(-1) - 3) + i. Calculate x(p).
9
Let q(j) be the second derivative of j**4/12 + 28*j**3 + 328*j**2 - 10599*j. Calculate q(-4).
0
Let r(f) be the third derivative of -f**5/60 - f**4 - 27*f**3/2 - 3*f**2 + 44*f. Give r(-20).
-1
Let z(b) = -b - 7. Let g(u) = u**2 - 5*u - 10. Let r be g(7). Suppose -a - r*f - 1 = -2, -12 = 4*f. Suppose -4*y = -a*y - 63. What is z(y)?
0
Suppose 4*m - 9*s + 5*s - 756 = 0, -3*m = 5*s - 599. Let x(g) = -126*g - 108*g + m*g. Determine x(-1).
41
Let q(s) = 3*s - 6. Let z be (22 - (-816)/(-36))*3*1. What is q(z)?
-12
Let g(h) = h**2 - 9*h + 2. Let u be (-66)/4*(-36)/(-54). Let o(z) = 6*z**2 - 46*z + 10. Let n(d) = u*g(d) + 2*o(d). Calculate n(-6).
-8
Let i(v) = 3*v**2 - 2*v - 15. Let y(w) = -2*w**2 + 2*w + 10. Suppose 25 + 31 = 7*b. Let q(d) = b*y(d) + 5*i(d). Calculate q(4).
13
Let q(g) = -16 + g**2 + 23 + 10*g + 0*g**2. Let m(b) = b**3 + 7*b**2 - 30*b - 9. Let v be m(-10). What is q(v)?
-2
Suppose 3*l - 1 = -f, 3*l - 2473*f + 2476*f + 27 = 0. Let p(q) = -1 - 5 + 4*q + 3. What is p(l)?
17
Suppose -5*o = 2*a - 314 + 343, 2*a + o + 9 = 0. Let y(i) = -19*i**2 + i + 4. Give y(a).
-74
Suppose 20*t + t = 6468. Let g = t + -304. Let n(s) = -s**3 + 5*s**2 - 4*s - 4. Determine n(g).
-4
Let p(q) = -3*q + 80. Let r be p(29). Let h = -5 - 0. Let k be r - h - (-2 + 1). Let u(n) = 8*n**2. What is u(k)?
8
Let s(c) = 2*c + 1. Let x(j) = j**2 - j. Let q(b) = s(b) - x(b). Let y = 301 - 299. Determine q(y).
3
Let b(g) = -g**3 + 12*g**2 + 12*g + 11. Let j = 23 - 188. Let z = j + 178. Give b(z).
-2
Let x = -13125 - -13133. Let q(h) = h**3 - 9*h**2 + 6*h - 27. Calculate q(x).
-43
Let l(x) = 19*x**3 + 8*x**2 + 10*x - 3. Let d(k) = -k**3 - k**2 - k + 1. Let i(n) = -6*d(n) - l(n). Let z be i(-1). Let t(j) = j - 7. Determine t(z).
5
Let f(j) = 882*j - 441*j + 0*j**2 + 104 - 461*j + 3*j**2 - 2*j**2. Determine f(10).
4
Let y be (-30)/9*(-3)/5. Let v be y/(5/50*-4). Let a(w) = -4*w - 17. Let q(j) = 10*j + 42. Let z(o) = -12*a(o) - 5*q(o). Calculate z(v).
4
Suppose 5*r = -3*s + 2, 0*r - 4*r = s - 3. Suppose r = 5*n - 9. Suppose -3 + 1 = -n*i. Let l(w) = 2*w - 1. Give l(i).
1
Let w(u) = u**3 - 6*u**2. Suppose -2*n - 9 = -17. Suppose 0 = -8*a + 4*a + 4*t + 28, -5*a + n*t + 34 = 0. Determine w(a).
0
Let h(l) be the second derivative of -l**5/20 - 3*l**4/4 - 5*l**3/2 - 25*l**2 - 5*l - 9. Give h(-8).
6
Suppose -92*w + 676 = 308. Let l(k) be the second derivative of 0 + 2*k**2 + 3*k - 1/12*k**w - 1/2*k**3. Determine l(-3).
4
Let j(n) be the third derivative of -n**7/840 + n**6/120 + n**5/120 - n**4/6 + 8*n**3/3 - 94*n**2. Let u(w) be the first derivative of j(w). Calculate u(4).
-16
Suppose -28 = 6*c - 2*c. Let h(i) be the first derivative of -i**3/3 - 5*i**2 - 7*i + 56. Calculate h(c).
14
Let z(y) = y - 1340. Let h(g) = 473. Let o(k) = -17*h(k) - 6*z(k). Let f(c) = -c**3 - 7*c**2 - 4*c + 11. Let r be f(-6). Determine o(r).
5
Let w(g) be the second derivative of 1/6*g**4 - 3/2*g**3 + 26 - 2*g**2 + 1/20*g**5 - 3*g. What is w(-4)?
0
Let w = 220 - 146. Let t(q) = w*q - 13 - 147*q + 74*q. Calculate t(10).
-3
Let d(g) = -4 + 3 - 2 + 9*g - g**3 - 7*g**2. Let k = -378 - -28. Let s = k + 342. Give d(s).
-11
Let q(m) = m**3 - 23*m**2 - 2*m + 43. Let l be q(23). Let u(v) = 13*v - 17. Give u(l).
-56
Let s(r) be the second derivative of 65 + 1/3*r**4 - 1/6*r**3 + 2*r + 1/20*r**5 - 3/2*r**2. Determine s(-4).
1
Let k(a) be the first derivative of -a**3/3 + a**2/2 - 20. Let o(v) = 7*v**2 - 19*v - 4. Let y(p) = -6*k(p) - o(p). Give y(13).
4
Let s(u) = 5 + u**3 + 9*u**2 - 5 - 6 + 7*u. Let h = -483 - -510. Suppose -h = 21*a + 141. Give s(a).
2
Let w(u) = -4*u + 163. Let o(t) = 9*t - 162. Let a(d) = 3*o(d) + 4*w(d). Calculate a(-12).
34
Let i be 8/8 - (2 + -3 + 0). Let z(o) = -o**3 + 3*o + 3. Calculate z(i).
1
Let m(c) = 3*c**2 + 50*c - 83. Let k(q) = -7*q**2 - 106*q + 169. Let o(p) = -4*k(p) - 9*m(p). Give o(3).
2
Let z(w) = -2*w**3 + 4*w**2 + 26*w - 57. Let m be z(2). Let y(i) = -4*i - 8. Determine y(m).
12
Let w(r) = 17*r + 62. Let q be w(-4). Suppose -f = -t - 4, 0 = -f - 3*t + 6 + 18. Let j(z) = 0*z - f + z - 4 - 2*z. Determine j(q).
-7
Let a(b) = -2 + b**2 + 1 - 6*b + b - 14. Give a(8).
9
Let b(d) = 50*d + 34. Let u(c) = -10*c - 7. Let k(w) = 3*b(w) + 14*u(w). Let r = 1331 + -1328. Calculate k(r).
34
Suppose 5*c + 68 - 43 = 0, 2*c - 30 = -5*t. Let k(x) = 24*x - 194. Calculate k(t).
-2
Let n(r) = r**3 + r**2 - 3*r + 1. Let m = -168 + 192. Suppose -k = -4*i - 4 - 12, 0 = -4*i + 3*k - m. What is n(i)?
-8
Let w(m) = -1 + 3*m - 9*m**2 - 29*m - 6*m. Let l be w(-5). Let c = -70 - l. Let f(d) = d**3 + 6*d**2 + 3*d - 4. Give f(c).
16
Let y(r) = -8*r**3 + 22*r**2 + 57*r + 2. Let n(f) = f**3 - 1. Let t(l) = 9*n(l) + y(l). Give t(-19).
-7
Let g(i) = -i**2 + 10*i - 7. Suppose -3*z + 2*m = 7*m + 10, 2*z = 5*m + 10. Let n be (62 + z)*(-2)/(-4). Suppose 0 = 2*o - n + 11. Calculate g(o).
-7
Let d(k) = k**3 - 4*k**2 - 5*k + 3. Suppose -3*h - 5*c + 100 = 0, 5*h + 3*c - 49 = 107. Suppose 0 = -32*j + 38*j - h. Give d(j).
3
Suppose -k = 4*w + 9, -4*k = 2*w + 34 - 12. Let h(n) = 10*n**3 + 2 - 7*n**3 + 4*n**3 + 3*n. What is h(w)?
-8
Let p(g) = g**2 + 5*g - 1. Suppose -2*o + 0*o = h - 85, -5*o - 4*h = -214. Suppose 109 = -2*d + 5*w - o, d = 5*w - 63. Let l = -94 - d. Determine p(l).
5
Suppose 0 = 19*s + 97 + 1727. Suppose -957 = -13*w + 2*w. Let n = w + s. Let p(d) = -3*d - 8. What is p(n)?
19
Suppose -6*i - 3*j = -3*i - 84, i = -3*j + 24. Let d(g) = -g + 3*g - 5*g + i. Let b be d(11). Let x(s) = -3*s + 3. Determine x(b).
12
Let z(c) = c + 6. Let f(m) be the third derivative of m**4/24 + m**3 + m**2. Let w(x) = -5*f(x) + 6*z(x). Let g(r) = 81*r - 331. Let q be g(4). What is w(q)?
-1
Suppose 4*c - r + 21 = 0, 4*c - 13*r + 31 = -10*r. Let i(d) = 5*d - 3. Let u(f) = -9*f + 4. Let x(h) = c*u(h) - 7*i(h). Give x(11).
16
Let h(a) = 2*a - 4. Let w(v) = 6*v + 35. Let p be w(-6). Let t(m) = -m - 2. Let g(o) = p*t(o) - h(o). Give g(3).
3
Let b(r) = -r**2 + 4*r - 2. Let q be (-12)/(-22) + 30/(-55) - -3. Determine b(q).
1
Let z(w) be the third derivative of -w**6/40 - 7*w**5/15 - 5*w**4/12 - 2*w**3/3 + 9687*w**2. What is z(-9)?
5
Let h be 1 + -5 + 5 + 9. Suppose -5*f = 4*s - 3*s - 20, -5*f = 2*s - 15. Let n(r) = 6 - f*r**3 - 9*r**2 + 5*r**3 - 10*r + r**3. Give n(h).
6
Let f(p) = p**3 + 12*p**2 - 8*p. Let z be f(-13). Let k = z - -67. Let m(o) = -2*o + k*o + 4*o - 3*o. Give m(4).
4
Let v(z) be the third derivative of -5*z**4/24 - 14*z**3/3 + 3*z**2 + 135. What is v(-4)?
-8
Let s = 70 + -54. Suppose 0*g + s = -3*g - 4*l, -8 = -4*g + 2*l. Let y be 4/(-10) + g + (-17)/(-5). Let d(w) = w**3 - 2*w**2 - 4*w + 3. Determine d(y).
0
Let f(n) be the first derivative of -4*n**3/3 + 28*n**2 - 50*n + 176. Let h 